{"id":402,"date":"2017-10-02T00:53:30","date_gmt":"2017-10-01T22:53:30","guid":{"rendered":"http:\/\/www.lanner-finanz.at\/web\/?page_id=402"},"modified":"2023-09-07T01:21:46","modified_gmt":"2023-09-06T23:21:46","slug":"impressum","status":"publish","type":"page","link":"https:\/\/www.lanner-finanz.at\/web\/impressum\/","title":{"rendered":"Impressum"},"content":{"rendered":"<p><div class=\"et_d4_element et_pb_section et_pb_section_0 et_pb_with_background  et_pb_css_mix_blend_mode et_section_regular et_block_section\" >\n\t\t\t\t\n\t\t\t\t\n\t\t\t\t\n\t\t\t\t\n\t\t\t\t\n\t\t\t\t\n\t\t\t\t<div class=\"et_d4_element et_pb_row et_pb_row_0  et_pb_css_mix_blend_mode et_block_row\">\n\t\t\t\t<div class=\"et_d4_element et_pb_column_4_4 et_pb_column et_pb_column_0  et_pb_css_mix_blend_mode et-last-child et_block_column\">\n\t\t\t\t\n\t\t\t\t\n\t\t\t\t\n\t\t\t\t\n\t\t\t\t<div class=\"et_pb_module et_d4_element et_pb_text et_pb_text_0  et_pb_text_align_left et_pb_bg_layout_light\">\n\t\t\t\t\n\t\t\t\t\n\t\t\t\t\n\t\t\t\t\n\t\t\t\t<div class=\"et_pb_text_inner\"><h1>Info<\/h1><\/div>\n\t\t\t<\/div>\n\t\t\t<\/div>\n\t\t\t\t\n\t\t\t\t\n\t\t\t\t\n\t\t\t\t\n\t\t\t<\/div>\n\t\t\t\t\n\t\t\t\t\n\t\t\t<\/div><div class=\"et_d4_element et_pb_section et_pb_section_1  et_pb_css_mix_blend_mode et_section_regular et_block_section\" >\n\t\t\t\t\n\t\t\t\t\n\t\t\t\t\n\t\t\t\t\n\t\t\t\t\n\t\t\t\t\n\t\t\t\t<div class=\"et_d4_element et_pb_row et_pb_row_1  et_pb_css_mix_blend_mode et_block_row\">\n\t\t\t\t<div class=\"et_d4_element et_pb_column_4_4 et_pb_column et_pb_column_1  et_pb_css_mix_blend_mode et-last-child et_block_column\">\n\t\t\t\t\n\t\t\t\t\n\t\t\t\t\n\t\t\t\t\n\t\t\t\t<div class=\"et_pb_module et_d4_element et_pb_text et_pb_text_1  et_pb_text_align_left et_pb_bg_layout_light\">\n\t\t\t\t\n\t\t\t\t\n\t\t\t\t\n\t\t\t\t\n\t\t\t\t<div class=\"et_pb_text_inner\"><h2>Impressum<\/h2><\/div>\n\t\t\t<\/div><div class=\"et_pb_module et_d4_element et_pb_text et_pb_text_2  et_pb_text_align_left et_pb_bg_layout_light\">\n\t\t\t\t\n\t\t\t\t\n\t\t\t\t\n\t\t\t\t\n\t\t\t\t<div class=\"et_pb_text_inner\"><p><strong>Ernst Lanner Versicherungsagentur<\/strong><\/p>\n<p>Inhaber: Ernst Lanner<\/p>\n<p>Adresse: Josef-Struber-Str. 9, 5450 Werfen, \u00d6sterreich<\/p>\n<p>Telefon: +43 664 32 50 236<\/p>\n<p>E-Mail: <a href=\"mailto:ernst@lanner-finanz.at\" target=\"_new\" rel=\"noopener\">ernst@lanner-finanz.at<\/a><\/p>\n<p>Gesch\u00e4ftst\u00e4tigkeit: Versicherungsagentur GISA-Zahl: 504 18486452<\/p>\n<p>Registriert nach der Gewerbeordnung: EU<\/p>\n<p>Versicherungsvermittlungsrichtlinie Registriert bei BH - St. Johann \/ Pongau<\/p>\n<p>&nbsp;<\/p>\n<p><strong>Haftungsausschluss<\/strong> Dieser Haftungsausschluss ist als Teil des Internetangebotes zu betrachten, von dem aus auf diese Webseite verwiesen wurde. Sofern Teile oder einzelne Formulierungen dieses Textes der geltenden Rechtslage nicht, nicht mehr oder nicht vollst\u00e4ndig entsprechen sollten, bleiben die \u00fcbrigen Teile des Dokumentes in ihrem Inhalt und ihrer G\u00fcltigkeit davon unber\u00fchrt.<\/p>\n<p><strong>Haftung f\u00fcr Inhalte dieser Webseite<\/strong> Die Inhalte unserer Seiten wurden mit gr\u00f6\u00dfter Sorgfalt erstellt. F\u00fcr die Richtigkeit, Vollst\u00e4ndigkeit und Aktualit\u00e4t der Inhalte k\u00f6nnen wir jedoch keine Gew\u00e4hr \u00fcbernehmen. Als Diensteanbieter sind wir f\u00fcr eigene Inhalte auf diesen Seiten nach den allgemeinen Gesetzen verantwortlich. Wir sind jedoch nicht verpflichtet, \u00fcbermittelte oder gespeicherte fremde Informationen zu \u00fcberwachen oder nach Umst\u00e4nden zu forschen, die auf eine rechtswidrige T\u00e4tigkeit hinweisen. Verpflichtungen zur Entfernung oder Sperrung der Nutzung von Informationen nach den allgemeinen Gesetzen bleiben hiervon unber\u00fchrt. Eine diesbez\u00fcgliche Haftung ist jedoch erst ab dem Zeitpunkt der Kenntnis einer konkreten Rechtsverletzung m\u00f6glich. Bei Bekanntwerden von entsprechenden Rechtsverletzungen werden wir diese Inhalte umgehend entfernen.<\/p>\n<p><strong>Haftung f\u00fcr Links auf Webseiten Dritter<\/strong> Unser Angebot enth\u00e4lt Links zu externen Websites. Auf den Inhalt dieser externen Webseiten haben wir keinerlei Einfluss. Deshalb k\u00f6nnen wir f\u00fcr diese fremden Inhalte auch keine Gew\u00e4hr \u00fcbernehmen. F\u00fcr die Inhalte der verlinkten Seiten ist stets der jeweilige Anbieter oder Betreiber der Seiten verantwortlich. Die verlinkten Seiten wurden zum Zeitpunkt der Verlinkung auf m\u00f6gliche Rechtsverst\u00f6\u00dfe \u00fcberpr\u00fcft. Rechtswidrige Inhalte waren zum Zeitpunkt der Verlinkung nicht erkennbar. Eine permanente inhaltliche Kontrolle der verlinkten Seiten ist jedoch ohne konkrete Anhaltspunkte einer Rechtsverletzung nicht zumutbar. Bei Bekanntwerden von Rechtsverletzungen werden wir derartige Links umgehend entfernen.<\/p>\n<p><strong>Urheberrecht<\/strong> Die Betreiber dieser Webseite sind bem\u00fcht, stets die Urheberrechte anderer zu beachten bzw. auf selbst erstellte sowie lizenzfreie Werke zur\u00fcckzugreifen. Die durch die Seitenbetreiber erstellten Inhalte und Werke auf dieser Webseite unterliegen dem Urheberrecht. Beitr\u00e4ge Dritter sind als solche gekennzeichnet. Die Vervielf\u00e4ltigung, Bearbeitung, Verbreitung und jede Art der Verwertung au\u00dferhalb der Grenzen des Urheberrechtes bed\u00fcrfen der schriftlichen Zustimmung des jeweiligen Autors bzw. Erstellers. Downloads und Kopien dieser Seite sind nur f\u00fcr den privaten, nicht kommerziellen Gebrauch gestattet.<\/p>\n<p><strong>Datenschutzerkl\u00e4rung<\/strong> Wir legen gro\u00dfen Wert auf den Schutz Ihrer Daten. Um Sie in vollem Umfang \u00fcber die Verwendung personenbezogener Daten zu informieren, bitten wir Sie die folgenden Datenschutzhinweise zur Kenntnis zu nehmen.<\/p>\n<p><strong>Pers\u00f6nliche Daten<\/strong> Pers\u00f6nliche Daten, die Sie auf dieser Website elektronisch \u00fcbermitteln, wie zum Beispiel Name, E-Mail-Adresse, Adresse oder andere pers\u00f6nlichen Angaben, werden von uns nur zum jeweils angegebenen Zweck verwendet, sicher verwahrt und nicht an Dritte weitergegeben. Der Provider erhebt und speichert automatisch Informationen am Webserver wie verwendeter Browser, Betriebssystem, Verweisseite, IP-Adresse, Uhrzeit des Zugriffs usw. Diese Daten k\u00f6nnen ohne Pr\u00fcfung weiterer Datenquellen keinen bestimmten Personen zugeordnet werden und wir werten diese Daten auch nicht weiter aus solange keine rechtswidrige Nutzung unserer Webseite vorliegt.<\/p>\n<p><strong>Formulardaten und Kommentare<\/strong> Wenn Webseitenbesucher Kommentare oder Formulareintr\u00e4ge hinterlassen, werden die eingegebenen Daten und ihre IP-Adressen gespeichert. Das erfolgt zur Sicherheit, falls jemand widerrechtliche Inhalte verfasst (Beleidigungen, links- oder rechtsextreme Propaganda, Hasspostings usw.). In diesem Fall sind wir an der Identit\u00e4t des Verfassers interessiert.<\/p>\n<p><strong>Cookies<\/strong> Cookies sind kleine Dateien, die es dieser Webseite erm\u00f6glichen auf dem Computer des Besuchers spezifische, auf den Nutzer bezogene Informationen zu speichern, w\u00e4hrend unsere Website besucht wird. Cookies helfen uns dabei, die Nutzungsh\u00e4ufigkeit und die Anzahl der Nutzer unserer Internetseiten zu ermitteln, sowie unsere Angebote f\u00fcr Sie komfortabel und effizient zu gestalten. Wir verwenden einerseits Session-Cookies, die ausschlie\u00dflich f\u00fcr die Dauer Ihrer Nutzung unserer Website zwischengespeichert werden und zum anderen permanente Cookies, um Informationen \u00fcber Besucher festzuhalten, die wiederholt auf unsere Website zugreifen. Der Zweck des Einsatzes dieser Cookies besteht darin, eine optimale Benutzerf\u00fchrung anbieten zu k\u00f6nnen sowie Besucher wiederzuerkennen und bei wiederholter Nutzung eine m\u00f6glichst attraktive Website und interessante Inhalte pr\u00e4sentieren zu k\u00f6nnen. Der Inhalt eines permanenten Cookies beschr\u00e4nkt sich auf eine Identifikationsnummer. Name, IP-Adresse usw. werden nicht gespeichert. Eine Einzelprofilbildung \u00fcber Ihr Nutzungsverhalten findet nicht statt. Eine Nutzung unserer Angebote ist auch ohne Cookies m\u00f6glich. Sie k\u00f6nnen in Ihrem Browser das Speichern von Cookies deaktivieren, auf bestimmte Webseiten beschr\u00e4nken oder Ihren Webbrowser (Chrome, IE, Firefox,\u2026) so einstellen, dass er sie benachrichtigt, sobald ein Cookie gesendet wird. Sie k\u00f6nnen Cookies auch jederzeit von der Festplatte ihres PC l\u00f6schen. Bitte beachten Sie aber, dass Sie in diesem Fall mit einer eingeschr\u00e4nkten Darstellung der Seite und mit einer eingeschr\u00e4nkten Benutzerf\u00fchrung rechnen m\u00fcssen.<\/p><\/div>\n\t\t\t<\/div>\n\t\t\t<\/div>\n\t\t\t\t\n\t\t\t\t\n\t\t\t\t\n\t\t\t\t\n\t\t\t<\/div>\n\t\t\t\t\n\t\t\t\t\n\t\t\t<\/div><\/p>\n","protected":false},"excerpt":{"rendered":"","protected":false},"author":1,"featured_media":0,"parent":0,"menu_order":0,"comment_status":"closed","ping_status":"closed","template":"","meta":{"_et_pb_use_builder":"on","_et_pb_old_content":"","_et_gb_content_width":"","footnotes":""},"class_list":["post-402","page","type-page","status-publish","hentry"],"yoast_head":"<!-- This site is optimized with the Yoast SEO plugin v27.5 - https:\/\/yoast.com\/product\/yoast-seo-wordpress\/ -->\n<title>Impressum - Ernst Lanner Versicherungsagentur<\/title>\n<meta name=\"robots\" content=\"index, follow, max-snippet:-1, max-image-preview:large, max-video-preview:-1\" \/>\n<link rel=\"canonical\" href=\"https:\/\/www.lanner-finanz.at\/web\/impressum\/\" \/>\n<meta property=\"og:locale\" content=\"de_DE\" \/>\n<meta property=\"og:type\" content=\"article\" \/>\n<meta property=\"og:title\" content=\"Impressum - Ernst Lanner Versicherungsagentur\" \/>\n<meta property=\"og:url\" content=\"https:\/\/www.lanner-finanz.at\/web\/impressum\/\" \/>\n<meta property=\"og:site_name\" content=\"Ernst Lanner Versicherungsagentur\" \/>\n<meta property=\"article:publisher\" content=\"https:\/\/www.facebook.com\/ErnstLannerVersicherungsagentur\/\" \/>\n<meta property=\"article:modified_time\" content=\"2023-09-06T23:21:46+00:00\" \/>\n<meta name=\"twitter:card\" content=\"summary_large_image\" \/>\n<script type=\"application\/ld+json\" class=\"yoast-schema-graph\">{\"@context\":\"https:\\\/\\\/schema.org\",\"@graph\":[{\"@type\":\"WebPage\",\"@id\":\"https:\\\/\\\/www.lanner-finanz.at\\\/web\\\/impressum\\\/\",\"url\":\"https:\\\/\\\/www.lanner-finanz.at\\\/web\\\/impressum\\\/\",\"name\":\"Impressum - Ernst Lanner Versicherungsagentur\",\"isPartOf\":{\"@id\":\"https:\\\/\\\/www.lanner-finanz.at\\\/web\\\/#website\"},\"datePublished\":\"2017-10-01T22:53:30+00:00\",\"dateModified\":\"2023-09-06T23:21:46+00:00\",\"breadcrumb\":{\"@id\":\"https:\\\/\\\/www.lanner-finanz.at\\\/web\\\/impressum\\\/#breadcrumb\"},\"inLanguage\":\"de\",\"potentialAction\":[{\"@type\":\"ReadAction\",\"target\":[\"https:\\\/\\\/www.lanner-finanz.at\\\/web\\\/impressum\\\/\"]}]},{\"@type\":\"BreadcrumbList\",\"@id\":\"https:\\\/\\\/www.lanner-finanz.at\\\/web\\\/impressum\\\/#breadcrumb\",\"itemListElement\":[{\"@type\":\"ListItem\",\"position\":1,\"name\":\"Startseite\",\"item\":\"https:\\\/\\\/www.lanner-finanz.at\\\/web\\\/\"},{\"@type\":\"ListItem\",\"position\":2,\"name\":\"Impressum\"}]},{\"@type\":\"WebSite\",\"@id\":\"https:\\\/\\\/www.lanner-finanz.at\\\/web\\\/#website\",\"url\":\"https:\\\/\\\/www.lanner-finanz.at\\\/web\\\/\",\"name\":\"Ernst Lanner Versicherungsagentur\",\"description\":\"Versichern, Finanzieren, Sparen und Vorsorgen!\",\"publisher\":{\"@id\":\"https:\\\/\\\/www.lanner-finanz.at\\\/web\\\/#organization\"},\"potentialAction\":[{\"@type\":\"SearchAction\",\"target\":{\"@type\":\"EntryPoint\",\"urlTemplate\":\"https:\\\/\\\/www.lanner-finanz.at\\\/web\\\/?s={search_term_string}\"},\"query-input\":{\"@type\":\"PropertyValueSpecification\",\"valueRequired\":true,\"valueName\":\"search_term_string\"}}],\"inLanguage\":\"de\"},{\"@type\":\"Organization\",\"@id\":\"https:\\\/\\\/www.lanner-finanz.at\\\/web\\\/#organization\",\"name\":\"Ernst Lanner Versicherungsagentur\",\"url\":\"https:\\\/\\\/www.lanner-finanz.at\\\/web\\\/\",\"logo\":{\"@type\":\"ImageObject\",\"inLanguage\":\"de\",\"@id\":\"https:\\\/\\\/www.lanner-finanz.at\\\/web\\\/#\\\/schema\\\/logo\\\/image\\\/\",\"url\":\"https:\\\/\\\/www.lanner-finanz.at\\\/web\\\/wp-content\\\/uploads\\\/2017\\\/11\\\/ELV_LOGO_RGB.png\",\"contentUrl\":\"https:\\\/\\\/www.lanner-finanz.at\\\/web\\\/wp-content\\\/uploads\\\/2017\\\/11\\\/ELV_LOGO_RGB.png\",\"width\":468,\"height\":80,\"caption\":\"Ernst Lanner Versicherungsagentur\"},\"image\":{\"@id\":\"https:\\\/\\\/www.lanner-finanz.at\\\/web\\\/#\\\/schema\\\/logo\\\/image\\\/\"},\"sameAs\":[\"https:\\\/\\\/www.facebook.com\\\/ErnstLannerVersicherungsagentur\\\/\"]}]}<\/script>\n<!-- \/ Yoast SEO plugin. -->","yoast_head_json":{"title":"Impressum - Ernst Lanner Versicherungsagentur","robots":{"index":"index","follow":"follow","max-snippet":"max-snippet:-1","max-image-preview":"max-image-preview:large","max-video-preview":"max-video-preview:-1"},"canonical":"https:\/\/www.lanner-finanz.at\/web\/impressum\/","og_locale":"de_DE","og_type":"article","og_title":"Impressum - Ernst Lanner Versicherungsagentur","og_url":"https:\/\/www.lanner-finanz.at\/web\/impressum\/","og_site_name":"Ernst Lanner Versicherungsagentur","article_publisher":"https:\/\/www.facebook.com\/ErnstLannerVersicherungsagentur\/","article_modified_time":"2023-09-06T23:21:46+00:00","twitter_card":"summary_large_image","schema":{"@context":"https:\/\/schema.org","@graph":[{"@type":"WebPage","@id":"https:\/\/www.lanner-finanz.at\/web\/impressum\/","url":"https:\/\/www.lanner-finanz.at\/web\/impressum\/","name":"Impressum - Ernst Lanner Versicherungsagentur","isPartOf":{"@id":"https:\/\/www.lanner-finanz.at\/web\/#website"},"datePublished":"2017-10-01T22:53:30+00:00","dateModified":"2023-09-06T23:21:46+00:00","breadcrumb":{"@id":"https:\/\/www.lanner-finanz.at\/web\/impressum\/#breadcrumb"},"inLanguage":"de","potentialAction":[{"@type":"ReadAction","target":["https:\/\/www.lanner-finanz.at\/web\/impressum\/"]}]},{"@type":"BreadcrumbList","@id":"https:\/\/www.lanner-finanz.at\/web\/impressum\/#breadcrumb","itemListElement":[{"@type":"ListItem","position":1,"name":"Startseite","item":"https:\/\/www.lanner-finanz.at\/web\/"},{"@type":"ListItem","position":2,"name":"Impressum"}]},{"@type":"WebSite","@id":"https:\/\/www.lanner-finanz.at\/web\/#website","url":"https:\/\/www.lanner-finanz.at\/web\/","name":"Ernst Lanner Versicherungsagentur","description":"Versichern, Finanzieren, Sparen und Vorsorgen!","publisher":{"@id":"https:\/\/www.lanner-finanz.at\/web\/#organization"},"potentialAction":[{"@type":"SearchAction","target":{"@type":"EntryPoint","urlTemplate":"https:\/\/www.lanner-finanz.at\/web\/?s={search_term_string}"},"query-input":{"@type":"PropertyValueSpecification","valueRequired":true,"valueName":"search_term_string"}}],"inLanguage":"de"},{"@type":"Organization","@id":"https:\/\/www.lanner-finanz.at\/web\/#organization","name":"Ernst Lanner Versicherungsagentur","url":"https:\/\/www.lanner-finanz.at\/web\/","logo":{"@type":"ImageObject","inLanguage":"de","@id":"https:\/\/www.lanner-finanz.at\/web\/#\/schema\/logo\/image\/","url":"https:\/\/www.lanner-finanz.at\/web\/wp-content\/uploads\/2017\/11\/ELV_LOGO_RGB.png","contentUrl":"https:\/\/www.lanner-finanz.at\/web\/wp-content\/uploads\/2017\/11\/ELV_LOGO_RGB.png","width":468,"height":80,"caption":"Ernst Lanner Versicherungsagentur"},"image":{"@id":"https:\/\/www.lanner-finanz.at\/web\/#\/schema\/logo\/image\/"},"sameAs":["https:\/\/www.facebook.com\/ErnstLannerVersicherungsagentur\/"]}]}},"_links":{"self":[{"href":"https:\/\/www.lanner-finanz.at\/web\/wp-json\/wp\/v2\/pages\/402","targetHints":{"allow":["GET"]}}],"collection":[{"href":"https:\/\/www.lanner-finanz.at\/web\/wp-json\/wp\/v2\/pages"}],"about":[{"href":"https:\/\/www.lanner-finanz.at\/web\/wp-json\/wp\/v2\/types\/page"}],"author":[{"embeddable":true,"href":"https:\/\/www.lanner-finanz.at\/web\/wp-json\/wp\/v2\/users\/1"}],"replies":[{"embeddable":true,"href":"https:\/\/www.lanner-finanz.at\/web\/wp-json\/wp\/v2\/comments?post=402"}],"version-history":[{"count":24,"href":"https:\/\/www.lanner-finanz.at\/web\/wp-json\/wp\/v2\/pages\/402\/revisions"}],"predecessor-version":[{"id":1148,"href":"https:\/\/www.lanner-finanz.at\/web\/wp-json\/wp\/v2\/pages\/402\/revisions\/1148"}],"wp:attachment":[{"href":"https:\/\/www.lanner-finanz.at\/web\/wp-json\/wp\/v2\/media?parent=402"}],"curies":[{"name":"wp","href":"https:\/\/api.w.org\/{rel}","templated":true}]}}